{"id":1926,"date":"2021-12-21T10:41:52","date_gmt":"2021-12-21T10:41:52","guid":{"rendered":"https:\/\/www.aes.es\/blog\/?page_id=1926"},"modified":"2021-12-21T11:16:42","modified_gmt":"2021-12-21T11:16:42","slug":"presentacion","status":"publish","type":"page","link":"https:\/\/www.aes.es\/blog\/presentacion\/","title":{"rendered":"Presentaci\u00f3n"},"content":{"rendered":"<p>\u2018<a href=\"http:\/\/www.aes.es\/blog\">Econom\u00eda y Salud<\/a>\u2019 es el blog de<a href=\"http:\/\/www.aes.es\/\"> AES &#8211; Asociaci\u00f3n de Econom\u00eda de la Salud<\/a> y trata temas sanitarios desde el punto de vista econ\u00f3mico, pero tambi\u00e9n desde otros prismas como son la salud p\u00fablica, la pol\u00edtica y la gesti\u00f3n sanitarias.<\/p>\n<p>Nacido en junio de 2018 con una doble intenci\u00f3n, servir de medio de difusi\u00f3n de la disciplina y ejercer de \u00f3rgano de comunicaci\u00f3n entre sus miembros, pero tambi\u00e9n con otras personas del sector y de otras disciplinas relacionadas, desde \u2018Econom\u00eda y Salud\u2019 queremos promover el an\u00e1lisis y el debate entre investigadores en el \u00e1rea de la econom\u00eda de la salud y otros \u00e1mbitos del sector sanitario, buscando siempre un enfoque multidisciplinar, y con una especial atenci\u00f3n a Espa\u00f1a.<\/p>\n<p>Con este objetivo, el Blog Econom\u00eda y Salud cuenta con cinco categor\u00edas de publicaciones:<\/p>\n<h3><a href=\"http:\/\/www.aes.es\/blog\/category\/opinion\/\">Opini\u00f3n<\/a><\/h3>\n<p>Son contribuciones que proporcionan una valoraci\u00f3n basada en la evidencia y el rigor cient\u00edfico de alg\u00fan tema de inter\u00e9s en el \u00e1mbito de la econom\u00eda y la salud. Asimismo, se podr\u00e1n publicar en esta secci\u00f3n menciones especiales a referentes en el \u00e1mbito de la econom\u00eda de la salud, as\u00ed como rese\u00f1as bibliogr\u00e1ficas describiendo el contenido y las caracter\u00edsticas de un libro o cualquier otra publicaci\u00f3n. Los autores de estas rese\u00f1as no pueden ser los editores ni los autores de dicha publicaci\u00f3n.<\/p>\n<h3><a href=\"http:\/\/www.aes.es\/blog\/category\/temas\/\">An\u00e1lisis e Investigaci\u00f3n<\/a><\/h3>\n<p>Las contribuciones en esta categor\u00eda de contenidos resumen un art\u00edculo cient\u00edfico ya publicado o bien resultados preliminares con relaci\u00f3n a un trabajo cient\u00edfico que el autor o autores tengan inter\u00e9s en divulgar.<\/p>\n<h3><a href=\"http:\/\/www.aes.es\/blog\/category\/acuse-recibo\/\">Con Acuse de Recibo<\/a><\/h3>\n<p>En esta categor\u00eda las contribuciones relatan el contenido de un evento relacionado con la econom\u00eda de la salud y de inter\u00e9s para los socios de AES. El autor o grupo de autores de este tipo de contribuci\u00f3n tendr\u00e1 que haber participado en dicho evento.<\/p>\n<h3><a href=\"http:\/\/www.aes.es\/blog\/category\/tesis\/\">Tesis doctorales<\/a><\/h3>\n<p>Se trata de un espacio con contribuciones que ofrecen el resumen de una tesis doctoral. El autor incluye los principales resultados relacionados con su investigaci\u00f3n doctoral en formato blog. Esta secci\u00f3n est\u00e1 gestionada por el grupo de inter\u00e9s <a href=\"http:\/\/www.aes.es\/aesec\/presentacion\/\" target=\"_blank\" rel=\"noopener\">AESEC<\/a>.<\/p>\n<h3><a href=\"http:\/\/www.aes.es\/blog\/category\/covid19\/\">COVID-19<\/a><\/h3>\n<p>Las contribuciones de la secci\u00f3n COVID-19 proporcionan una valoraci\u00f3n basada en la evidencia y con rigor cient\u00edfico de alg\u00fan tema relacionado con la COVID-19. Tambi\u00e9n se incluyen los pre-prints (en formato blog) de los diferentes cap\u00edtulos de la obra \u201cEconom\u00eda de la salud (y m\u00e1s) de la COVID-19\u201d, proyecto editorial impulsado por la Asociaci\u00f3n de Econom\u00eda de la Salud con ocasi\u00f3n de la COVID-19, y disponible en su totalidad <a href=\"http:\/\/www.aes.es\/docs\/ebook-economia-salud-covid19.pdf\" target=\"_blank\" rel=\"noopener\">aqu\u00ed<\/a>.<\/p>\n<p>Todo el contenido de este blog se encuentra bajo licencia Creative Commons <a href=\"https:\/\/creativecommons.org\/licenses\/by-nc\/4.0\/deed.es_ES\" target=\"_blank\" rel=\"noopener\">Reconocimiento-NoComercial 4.0 Internacional (CC BY-NC 4.0)<\/a> que permite su reproducci\u00f3n parcial o total pero reconociendo adecuadamente al autor e incluyendo un enlace al contenido original alojada en este sitio web, adem\u00e1s de indicar que el contenido fue publicado inicialmente en el <a href=\"http:\/\/www.aes.es\/blog\">Blog \u2018Econom\u00eda y Salud\u2019<\/a>. No se permite utilizar el material con una finalidad comercial sin el consentimiento de AES &#8211; Asociaci\u00f3n de Econom\u00eda de la Salud.<\/p>\n","protected":false},"excerpt":{"rendered":"<p>\u2018Econom\u00eda y Salud\u2019 es el blog de AES &#8211; Asociaci\u00f3n de Econom\u00eda de la Salud y trata temas sanitarios desde el punto de vista econ\u00f3mico, pero tambi\u00e9n desde otros prismas como son la salud p\u00fablica, la pol\u00edtica y la gesti\u00f3n sanitarias. Nacido en junio de 2018 con una doble intenci\u00f3n, servir de medio de difusi\u00f3n [&hellip;]<\/p>\n","protected":false},"author":1,"featured_media":0,"parent":0,"menu_order":0,"comment_status":"closed","ping_status":"closed","template":"","meta":{"footnotes":""},"coauthors":[17],"class_list":["post-1926","page","type-page","status-publish","hentry"],"yoast_head":"<!-- This site is optimized with the Yoast SEO plugin v27.3 - https:\/\/yoast.com\/product\/yoast-seo-wordpress\/ -->\n<title>Presentaci\u00f3n - Blog Econom\u00eda y Salud<\/title>\n<meta name=\"description\" content=\"Econom\u00eda y Salud\u2019 es el blog de AES - Asociaci\u00f3n de Econom\u00eda de la Salud y trata temas sanitarios desde el punto de vista econ\u00f3mico, pero tambi\u00e9n desde otros prismas como son la salud p\u00fablica, la pol\u00edtica y la gesti\u00f3n sanitarias.\" \/>\n<meta name=\"robots\" content=\"index, follow, max-snippet:-1, max-image-preview:large, max-video-preview:-1\" \/>\n<link rel=\"canonical\" href=\"https:\/\/www.aes.es\/blog\/presentacion\/\" \/>\n<meta property=\"og:locale\" content=\"es_ES\" \/>\n<meta property=\"og:type\" content=\"article\" \/>\n<meta property=\"og:title\" content=\"Presentaci\u00f3n - Blog Econom\u00eda y Salud\" \/>\n<meta property=\"og:description\" content=\"Econom\u00eda y Salud\u2019 es el blog de AES - Asociaci\u00f3n de Econom\u00eda de la Salud y trata temas sanitarios desde el punto de vista econ\u00f3mico, pero tambi\u00e9n desde otros prismas como son la salud p\u00fablica, la pol\u00edtica y la gesti\u00f3n sanitarias.\" \/>\n<meta property=\"og:url\" content=\"https:\/\/www.aes.es\/blog\/presentacion\/\" \/>\n<meta property=\"og:site_name\" content=\"Blog Econom\u00eda y Salud\" \/>\n<meta property=\"article:modified_time\" content=\"2021-12-21T11:16:42+00:00\" \/>\n<meta name=\"twitter:card\" content=\"summary_large_image\" \/>\n<meta name=\"twitter:label1\" content=\"Tiempo de lectura\" \/>\n\t<meta name=\"twitter:data1\" content=\"3 minutos\" \/>\n\t<meta name=\"twitter:label2\" content=\"Written by\" \/>\n\t<meta name=\"twitter:data2\" content=\"Asociaci\u00f3n de Econom\u00eda de la Salud\" \/>\n<script type=\"application\/ld+json\" class=\"yoast-schema-graph\">{\"@context\":\"https:\\\/\\\/schema.org\",\"@graph\":[{\"@type\":\"WebPage\",\"@id\":\"https:\\\/\\\/www.aes.es\\\/blog\\\/presentacion\\\/\",\"url\":\"https:\\\/\\\/www.aes.es\\\/blog\\\/presentacion\\\/\",\"name\":\"Presentaci\u00f3n - Blog Econom\u00eda y Salud\",\"isPartOf\":{\"@id\":\"https:\\\/\\\/www.aes.es\\\/blog\\\/#website\"},\"datePublished\":\"2021-12-21T10:41:52+00:00\",\"dateModified\":\"2021-12-21T11:16:42+00:00\",\"description\":\"Econom\u00eda y Salud\u2019 es el blog de AES - Asociaci\u00f3n de Econom\u00eda de la Salud y trata temas sanitarios desde el punto de vista econ\u00f3mico, pero tambi\u00e9n desde otros prismas como son la salud p\u00fablica, la pol\u00edtica y la gesti\u00f3n sanitarias.\",\"breadcrumb\":{\"@id\":\"https:\\\/\\\/www.aes.es\\\/blog\\\/presentacion\\\/#breadcrumb\"},\"inLanguage\":\"es\",\"potentialAction\":[{\"@type\":\"ReadAction\",\"target\":[\"https:\\\/\\\/www.aes.es\\\/blog\\\/presentacion\\\/\"]}]},{\"@type\":\"BreadcrumbList\",\"@id\":\"https:\\\/\\\/www.aes.es\\\/blog\\\/presentacion\\\/#breadcrumb\",\"itemListElement\":[{\"@type\":\"ListItem\",\"position\":1,\"name\":\"Portada\",\"item\":\"https:\\\/\\\/www.aes.es\\\/blog\\\/\"},{\"@type\":\"ListItem\",\"position\":2,\"name\":\"Presentaci\u00f3n\"}]},{\"@type\":\"WebSite\",\"@id\":\"https:\\\/\\\/www.aes.es\\\/blog\\\/#website\",\"url\":\"https:\\\/\\\/www.aes.es\\\/blog\\\/\",\"name\":\"Blog Econom\u00eda y Salud\",\"description\":\"Econom\u00eda y Salud\",\"potentialAction\":[{\"@type\":\"SearchAction\",\"target\":{\"@type\":\"EntryPoint\",\"urlTemplate\":\"https:\\\/\\\/www.aes.es\\\/blog\\\/?s={search_term_string}\"},\"query-input\":{\"@type\":\"PropertyValueSpecification\",\"valueRequired\":true,\"valueName\":\"search_term_string\"}}],\"inLanguage\":\"es\"}]}<\/script>\n<!-- \/ Yoast SEO plugin. -->","yoast_head_json":{"title":"Presentaci\u00f3n - Blog Econom\u00eda y Salud","description":"Econom\u00eda y Salud\u2019 es el blog de AES - Asociaci\u00f3n de Econom\u00eda de la Salud y trata temas sanitarios desde el punto de vista econ\u00f3mico, pero tambi\u00e9n desde otros prismas como son la salud p\u00fablica, la pol\u00edtica y la gesti\u00f3n sanitarias.","robots":{"index":"index","follow":"follow","max-snippet":"max-snippet:-1","max-image-preview":"max-image-preview:large","max-video-preview":"max-video-preview:-1"},"canonical":"https:\/\/www.aes.es\/blog\/presentacion\/","og_locale":"es_ES","og_type":"article","og_title":"Presentaci\u00f3n - Blog Econom\u00eda y Salud","og_description":"Econom\u00eda y Salud\u2019 es el blog de AES - Asociaci\u00f3n de Econom\u00eda de la Salud y trata temas sanitarios desde el punto de vista econ\u00f3mico, pero tambi\u00e9n desde otros prismas como son la salud p\u00fablica, la pol\u00edtica y la gesti\u00f3n sanitarias.","og_url":"https:\/\/www.aes.es\/blog\/presentacion\/","og_site_name":"Blog Econom\u00eda y Salud","article_modified_time":"2021-12-21T11:16:42+00:00","twitter_card":"summary_large_image","twitter_misc":{"Tiempo de lectura":"3 minutos","Written by":"Asociaci\u00f3n de Econom\u00eda de la Salud"},"schema":{"@context":"https:\/\/schema.org","@graph":[{"@type":"WebPage","@id":"https:\/\/www.aes.es\/blog\/presentacion\/","url":"https:\/\/www.aes.es\/blog\/presentacion\/","name":"Presentaci\u00f3n - Blog Econom\u00eda y Salud","isPartOf":{"@id":"https:\/\/www.aes.es\/blog\/#website"},"datePublished":"2021-12-21T10:41:52+00:00","dateModified":"2021-12-21T11:16:42+00:00","description":"Econom\u00eda y Salud\u2019 es el blog de AES - Asociaci\u00f3n de Econom\u00eda de la Salud y trata temas sanitarios desde el punto de vista econ\u00f3mico, pero tambi\u00e9n desde otros prismas como son la salud p\u00fablica, la pol\u00edtica y la gesti\u00f3n sanitarias.","breadcrumb":{"@id":"https:\/\/www.aes.es\/blog\/presentacion\/#breadcrumb"},"inLanguage":"es","potentialAction":[{"@type":"ReadAction","target":["https:\/\/www.aes.es\/blog\/presentacion\/"]}]},{"@type":"BreadcrumbList","@id":"https:\/\/www.aes.es\/blog\/presentacion\/#breadcrumb","itemListElement":[{"@type":"ListItem","position":1,"name":"Portada","item":"https:\/\/www.aes.es\/blog\/"},{"@type":"ListItem","position":2,"name":"Presentaci\u00f3n"}]},{"@type":"WebSite","@id":"https:\/\/www.aes.es\/blog\/#website","url":"https:\/\/www.aes.es\/blog\/","name":"Blog Econom\u00eda y Salud","description":"Econom\u00eda y Salud","potentialAction":[{"@type":"SearchAction","target":{"@type":"EntryPoint","urlTemplate":"https:\/\/www.aes.es\/blog\/?s={search_term_string}"},"query-input":{"@type":"PropertyValueSpecification","valueRequired":true,"valueName":"search_term_string"}}],"inLanguage":"es"}]}},"_links":{"self":[{"href":"https:\/\/www.aes.es\/blog\/wp-json\/wp\/v2\/pages\/1926","targetHints":{"allow":["GET"]}}],"collection":[{"href":"https:\/\/www.aes.es\/blog\/wp-json\/wp\/v2\/pages"}],"about":[{"href":"https:\/\/www.aes.es\/blog\/wp-json\/wp\/v2\/types\/page"}],"author":[{"embeddable":true,"href":"https:\/\/www.aes.es\/blog\/wp-json\/wp\/v2\/users\/1"}],"replies":[{"embeddable":true,"href":"https:\/\/www.aes.es\/blog\/wp-json\/wp\/v2\/comments?post=1926"}],"version-history":[{"count":2,"href":"https:\/\/www.aes.es\/blog\/wp-json\/wp\/v2\/pages\/1926\/revisions"}],"predecessor-version":[{"id":1930,"href":"https:\/\/www.aes.es\/blog\/wp-json\/wp\/v2\/pages\/1926\/revisions\/1930"}],"wp:attachment":[{"href":"https:\/\/www.aes.es\/blog\/wp-json\/wp\/v2\/media?parent=1926"}],"wp:term":[{"taxonomy":"author","embeddable":true,"href":"https:\/\/www.aes.es\/blog\/wp-json\/wp\/v2\/coauthors?post=1926"}],"curies":[{"name":"wp","href":"https:\/\/api.w.org\/{rel}","templated":true}]}}